*h**2 + 3*h - 10. Let i be s(8). What is the tens digit of i/(-35) - (-122)/5?
2
Let z = 3902 - 2754. What is the thousands digit of z?
1
Let l = 644 - -2418. What is the units digit of l?
2
Let y(c) = -c**2 + 7*c + 92. What is the tens digit of y(12)?
3
Suppose -4*h = h + 75. Let s = -76 - h. Let c = -42 - s. What is the units digit of c?
9
Let o(j) = -23*j - 98. Suppose -26*p + 12 = -28*p. What is the tens digit of o(p)?
4
Let n(y) = -162*y**3 + 20*y**2 + 60*y - 4. What is the hundreds digit of n(-3)?
3
Suppose -18*x + 1812 = -12*x. What is the hundreds digit of x?
3
Suppose 6*v + 44 = 2*v. Let m(u) = u**2 - 3*u + 7. Let b be m(5). Let q = v + b. What is the units digit of q?
6
What is the hundreds digit of -7*(-5)/((-30)/(-102))?
1
Suppose 5*t + 1096 = 4*i, -9*t - 1056 = -4*i - 14*t. What is the units digit of i?
9
Let z be (-7 + 2 - -4)/((-1)/(-95)). Let m = z - -112. What is the units digit of m?
7
Let v(a) = a**2 - 18*a - 7. Let q(n) = -n**3 - 5*n**2 + 2*n - 5. Let k be q(-6). Let x be v(k). What is the tens digit of (1 + 10)/(6/x)?
2
Suppose j + 2*u - 41 = -2*u, 15 = 3*u. Let p(n) = -n**3 + 3*n**2 + 4. Let r be p(3). Suppose -r*w + 71 = -j. What is the tens digit of w?
2
Let u = -4090 + 5745. What is the thousands digit of u?
1
Suppose -2*n + 163 + 25 = 0. Let x = -35 - -40. Suppose -t = 4*t - f - 208, -2*t + n = x*f. What is the tens digit of t?
4
What is the hundreds digit of (20*240)/3 + 18 + -13?
6
Let a = 52 - 83. Let q = 35 + a. Suppose -3*t = -q*t + 25. What is the units digit of t?
5
Let c be (-8 - -8) + 3/1. Let p(i) = 10*i + 4. Let s be p(11). What is the units digit of c*1/(9/s)?
8
Let k(s) = s - 7. Let g be k(10). Let v(b) = -g + 11*b - 7*b - 1. What is the tens digit of v(13)?
4
Let n(k) = 2*k**2 - 11*k + 14. Suppose 0 = -5*x + 5*l + 60, -26 - 2 = -x + 5*l. Let y be n(x). Let a = 112 - y. What is the units digit of a?
8
Suppose -15 = -9*r + 6*r. Let k = r - -9. Suppose 16*c - 70 = k*c. What is the units digit of c?
5
Let i = -843 + 1494. What is the hundreds digit of i?
6
Suppose 0 = 5*u - 4*b - 6251, 9*u - 5*u - 4*b - 5000 = 0. What is the units digit of u?
1
Let g = 998 - 479. What is the tens digit of g?
1
Suppose -t = 4*t - 1840. What is the units digit of t?
8
What is the tens digit of -3 + 6854/7 + 2/(-14)?
7
Let w(m) = 3*m + 23. Let o be w(-7). Suppose -29 = -3*s + o*s. What is the units digit of s?
9
Suppose 3*k = 2*t - 3107, 19*k - 4663 = -3*t + 24*k. What is the hundreds digit of t?
5
Suppose 39 = -4*k - 2*o - 603, o = -5*k - 804. Let r = k - -231. What is the units digit of r?
0
Suppose 0 = 44*w + 33*w - 159621. What is the hundreds digit of w?
0
Let p = -217 - -115. Let t = -60 - p. What is the units digit of t?
2
Let q = 34 + 6. Suppose 3*o - q = -y, 2*y + o + 0 - 60 = 0. Suppose 8*s = 10*s - y. What is the units digit of s?
4
Let u(i) = -36*i + 75. What is the hundreds digit of u(-12)?
5
Let u(r) = -19*r - 3. Let m be u(3). Let q = 123 + m. Suppose 0*v - 42 = -2*k - 3*v, 3*v = 5*k - q. What is the tens digit of k?
1
Suppose 2*x - 8 = -4*b, -x - 5*b = -2*x + 25. Let v(n) = 2*n - 14. What is the units digit of v(x)?
6
Suppose 5*j - 110 = 40. Let i = -4 + j. What is the units digit of i?
6
Let l = -10 + -15. Let u = 35 + l. What is the tens digit of u?
1
Let b = -19 - -22. Suppose 0 = -b*f + 15 - 3. Suppose o + o - 63 = z, 87 = 3*o - f*z. What is the units digit of o?
3
Suppose 32 = 4*p + 4*m, 9 + 8 = 4*p + m. Suppose -58 = -y + p*b, 3*b - 2*b = y - 62. What is the units digit of y?
4
Let f(w) = w**3 + 10*w**2 + 11*w - 16. Let q be f(-4). Let b be 96 - ((-2 - 0) + 2). Let g = b - q. What is the units digit of g?
0
Let c(n) = 11*n + 134. Let u be c(-12). Let w = 158 + -11. Suppose p = -u*p + w. What is the tens digit of p?
4
Let m be (2/6)/(1/102). What is the tens digit of (-27)/(-6)*m/3?
5
Let q(x) be the second derivative of 311*x**3/6 - 11*x**2/2 + 34*x. What is the units digit of q(1)?
0
Let v = -59 + 106. Suppose 2*l - 225 = -v. What is the tens digit of l?
8
Let i be 5/4 - 3/(-4). Suppose 0 = 2*w + 2, 2*h + i = h - 4*w. Let s(t) = 9*t - 1. What is the units digit of s(h)?
7
Let u = 9 + -1. Let w = -8 + u. Suppose -k + w + 22 = 0. What is the units digit of k?
2
Let g(q) = q**2 + 5*q - 2. Let h be g(-6). Let t be (1 - 2)*-4 - h. Suppose t = 4*c - 5*r - 289, 3*r + 203 = 3*c + 2*r. What is the units digit of c?
6
Let q = 13 - 35. Let x(b) = -6*b + 16. Let k be x(4). Let i = k - q. What is the tens digit of i?
1
Let o(y) = -1 + 3*y + 17 + 6 - 4*y. What is the tens digit of o(-8)?
3
Let z(n) = 5*n. Let b(j) = -9*j. Let k(w) = 6*b(w) + 11*z(w). Let m(c) = 12*c + 23. Let s(q) = -4*k(q) + m(q). What is the tens digit of s(7)?
7
Let g(b) = -2*b**2 - 10*b - 8. Let t be g(-6). Let q = t + 49. Let n = q + -8. What is the units digit of n?
1
Let q(m) = -17*m**2 - 2*m + 1. Let s(p) = 6*p**2 + p. Let n(x) = 2*q(x) + 7*s(x). What is the units digit of n(-1)?
7
Suppose 5*a - 70 = -0*a. What is the units digit of a/28 + (-105)/(-2)?
3
Let z(l) = 25*l**2 + 3*l - 2. Let u be z(-3). Let b = u + -149. What is the units digit of (82/5)/(26/b)?
1
Suppose 4788 = -6*s + 18*s. Suppose s = t + 108. What is the tens digit of t?
9
Let h be 3*-2*(-2)/(-1). Let o(b) = -6*b + 7. Let v be o(-8). Let k = v + h. What is the tens digit of k?
4
Suppose v + 20 = 5*v, 1319 = 2*g - v. What is the tens digit of g?
6
Suppose -6*b + b - 1390 = 4*p, 0 = 5*b + 2*p + 1400. Let m = -153 - b. What is the hundreds digit of m?
1
Let w = 30 + -14. What is the units digit of w/28*7/1?
4
Let q = 306 + -304. Let v be (-2 + 3)*-2 + 106. Suppose g - v = -3*t, -3*g + 4 = -q. What is the units digit of t?
4
Let n(q) = 125*q - 155. What is the tens digit of n(8)?
4
Suppose 4*g = -g - 10. Let b(y) = 11*y**2 + 5*y + 5. Let c be b(g). Let f = c - 23. What is the tens digit of f?
1
What is the units digit of 40150/2475 + 2/(-9)?
6
Let w(r) = -3*r - r + 2*r - 3 + r. Let o be w(-5). Suppose 4*b + 0*v = 2*v + 130, -60 = -o*b - 4*v. What is the tens digit of b?
3
Suppose 1 = -w - 8. Let d be (-789)/w - 4/6. Suppose 2*x = -3*a + d, -4*x - 3*a + 189 = -0*x. What is the units digit of x?
1
Let d = 1536 - 469. What is the units digit of d?
7
What is the tens digit of 5564/12 + 10/(-15)?
6
Let j(b) = 0 + b**3 - 8*b + 0*b + 3*b**2 + 3*b**2 - 3. Let c be j(-7). Suppose 0 = -c*n + 4 + 12. What is the units digit of n?
4
Suppose 0 = 2*d - 2*b - 292, -16 - 4 = 4*b. What is the tens digit of 4*3*(-3)/(-54)*d?
9
Let s(q) = -87*q**3 - q**2 + 2*q. Let r be s(1). Let z = -23 - r. What is the tens digit of z?
6
Suppose y + 13 = 16. Let l(n) = 40*n**3 - n**2. Let k be l(1). Suppose -81 - k = -y*z. What is the tens digit of z?
4
Let p be ((-2)/6)/(12/(-180)). Suppose 5*j = -2*t + 8, 4*j - p + 1 = -t. Suppose -7*f + t*f + 69 = 0. What is the units digit of f?
3
Let i(s) be the second derivative of s**4/6 - s**3/6 + 3*s - 1. Suppose -2*t - 4 = -4*t + 3*l, -t = 2*l + 5. What is the units digit of i(t)?
3
Let q(f) = f + 15. Let o(k) = k + 15. Let j(d) = 4*o(d) - 3*q(d). Let p be j(-7). Suppose -c - 3 - 4 = -v, 0 = v + 4*c + p. What is the units digit of v?
4
Let y be (-3 + 2 - 3) + 153. Let a = y + -97. What is the units digit of a?
2
Suppose 12070 = 25*r - 8*r. What is the units digit of r?
0
Let d = -13 - -225. What is the tens digit of d?
1
Let g(s) = 293*s**2 - 29*s - 63. What is the units digit of g(-2)?
7
Let k(v) = -2*v + 15. Let h be k(5). Let r(a) = 5*a + 19. What is the units digit of r(h)?
4
Suppose 64*t - 45*t = 71155. What is the tens digit of t?
4
Let t(f) = 3*f - 1. Let v be t(2). Suppose 2*m + 3*m + 2*j - 452 = 0, 3*m + j = 272. Suppose -v*u + 8*b = 3*b - 90, b - m = -4*u. What is the tens digit of u?
2
Suppose -8*u - 699 = -11*u. What is the hundreds digit of u?
2
Suppose w = -8 + 2. Let r = 21 - w. What is the tens digit of r?
2
Let z(x) = -3*x + 56. Let w(i) = -2*i + 28. Let d(h) = -5*w(h) + 3*z(h). What is the units digit of d(-10)?
8
Let g = 61 - 139. What is the tens digit of (g/(-4))/(9/18)?
3
What is the hundreds digit of 5376/(-960)*3590/(-8)?
5
Let h(n) = -n**3 - n**2 - 2. Let o be h(0). Suppose 5*k - 24 = -64. What is the tens digit of ((-52)/(-16))/(o/k)?
1
Let z = 510 + -356. What is the units digit of z?
4
Suppose 5*m - 2051 = -y, 437 = 5*m + 2*y - 1610. What i